
Let y(g) = -g + 1. Let s be y(-4). Suppose -7 - 8 = -s*n + p, 5*p = 2*n - 29. What is the units digit of 1*n - (-6 - -1)?
7
Let m(q) = -q**3 - 9*q**2 - 12*q - 5. Let v be 4*(-3)/3*2. What is the tens digit of m(v)?
2
Let w(p) = 3*p**2 - 3*p - 1 - 2*p**2 - 2*p. Let k be w(6). Suppose 39 = 5*f - 2*g, 5*g + 24 = k*f - 3*f. What is the units digit of f?
7
Let c = -237 + 421. Let n = c - 130. What is the units digit of n?
4
Let q(p) = -2*p**3 - p**2 + 2*p + 3*p**3 - 7*p**2 + 2*p**2 - 3. What is the units digit of q(6)?
9
Suppose -b = -5*b + 44. Let q = b + -8. What is the units digit of q?
3
Let p = 5 - 0. Suppose 10 = -h - p*q, 3*q - 5*q - 26 = -4*h. Suppose 5*r = -h*b + 65, -2*b - r + 4 = -17. What is the units digit of b?
8
Let i be (-2)/7 - (-18)/14. Suppose 0 = v - i + 6. Let g = 14 + v. What is the units digit of g?
9
Suppose 2*l = -2*l + 16. Let t(i) be the third derivative of i**6/120 - i**5/12 + i**4/4 - 2*i**3/3 + 15*i**2. What is the units digit of t(l)?
4
Let v be -3*1/(-1)*-1. Let m = v + 11. Let j = 5 + m. What is the units digit of j?
3
Let d(j) = -j**3 - 5*j**2 - 5*j + 1. Let v be d(-4). Suppose -u = -4*h - 0*u + 42, 34 = 4*h - v*u. What is the tens digit of h?
1
Suppose -7*s + 2*s = 0. Suppose -3*q - q = s. Suppose -k + 3*m = -5, q*k - 4*m - 47 = -5*k. What is the tens digit of k?
1
Let u = -91 + 145. What is the units digit of u?
4
Suppose 393 = 20*w - 1047. What is the units digit of w?
2
Let o(r) = -r - 1. Suppose -2 = -f - 6. Let z be o(f). Let h = 8 + z. What is the tens digit of h?
1
Suppose 4*m - 240 + 68 = 4*r, 0 = -3*r - m - 117. Let h = 22 + r. What is the units digit of (h - -4)/(1 + -3)?
7
Let b(i) = 5*i**2 - i + 1. Let s be b(1). Suppose 0 = -s*j - 4 - 6. What is the units digit of -2*j/8*4?
2
Suppose -4*b - k + 8 = 2*k, -15 = b + 5*k. Suppose -5*u = p - 70, -4*p - 40 = -5*u + p. Suppose -4*n + u = b. What is the units digit of n?
2
Let j(z) = -z**3 + 4*z**2 + 7*z - 7. Let x be j(5). Suppose 5 = x*p - 1. Suppose b = -h + 3, -4*b + 3*h + 3 = -p. What is the units digit of b?
2
Let h be 1*5 + 1 + 1. Suppose 2*u = h*u - 20. Suppose -40 + 12 = -u*y. What is the units digit of y?
7
Suppose 5*a = 2*u + 1, 4*a = 5 - 1. Let y(n) = -n**3 + 3*n**2 - 2*n. Let b be y(u). Suppose b*q - 2*q = -12. What is the units digit of q?
6
Let k(w) be the third derivative of w**6/120 + w**5/20 + w**4/24 + 15*w**2. Let m be -1*1/2*2. What is the units digit of k(m)?
1
Let r = 16 + 47. What is the units digit of r?
3
Let d(x) = 45*x**2 + 2*x + 1. Let b be d(-1). Suppose -4*c + u + 40 = 0, -2*u - b = -4*c - 0*u. What is the units digit of c?
9
Let v(q) = 2*q**2 + 4*q + 17. What is the units digit of v(-6)?
5
Suppose -g + 4 + 7 = 0. What is the tens digit of g?
1
Let l(o) be the first derivative of 0*o**2 - o - 6*o**2 - 2 + 2*o**2. What is the units digit of l(-1)?
7
Let u(p) = p**3 + 5*p**2 - 8*p - 8. Let r be 2 + (2 + 0 - 10). Let s be u(r). Suppose 2 = -s*v + 38. What is the units digit of v?
9
Suppose 5*u = -5*c + 20, -6*u + 2*c = -u - 13. Suppose 0 = 5*r + 4*p - 102, -3*p = -2*p - u. What is the units digit of r?
8
Suppose 5 = 4*y - 227. What is the units digit of y?
8
Let z(x) = x**2 + 5*x + 6. Suppose -2*w + 2*i = 4*i - 14, 4*w - i = 13. Suppose -4*a + 28 = -4*b, -a = -5*a + w. What is the units digit of z(b)?
2
Suppose h + 4 = 3*h, 5*w = -4*h - 17. Let p(r) = -r**3 - 4*r**2 + r. What is the units digit of p(w)?
0
Let v(h) = 2*h + 5. Let d(q) = q**2 - 2*q. Let b be d(2). Let x be (0 - (b - 1))*4. What is the units digit of v(x)?
3
Let s = 26 - -19. What is the tens digit of s?
4
Suppose 2*n - 4 = n. Let m be -3 + 2 - n*-1. Suppose m*j = -j + 20. What is the units digit of j?
5
Let f(o) = -o**3 - o. Let r be f(-1). What is the units digit of (r/4)/((-6)/(-12))?
1
Let u = -21 - -22. What is the units digit of (0 - -6) + u/(-1)?
5
Let i(d) = d**2 + 6*d + 5. Let q be i(-6). Suppose 4 = -2*m - f - q, 0 = 2*m - 4*f + 34. Let u = 1 - m. What is the units digit of u?
8
Let w(k) = k - 7. What is the units digit of w(8)?
1
Suppose -2*t + 6*t - 12 = 0. Suppose -4*b - 3 = -5*n, n + 15 = t*n + 3*b. What is the units digit of n?
3
Let z(x) = x**2 - 10*x + 7 - 8*x + 4 + 6*x. What is the units digit of z(14)?
9
Suppose -13 = -4*k + 3. Suppose 0 = k*z + z. Suppose z = 3*j - 9 - 15. What is the units digit of j?
8
Let l = 7 - 8. Let z be ((1 - 1) + l)*-10. Let f(h) = -h + 24. What is the tens digit of f(z)?
1
Let f = -46 + 30. Let s = 27 + f. What is the tens digit of 2 + s + 0/(-4)?
1
Suppose 2*v - 8 = 10. Suppose 3*l - 27 = -v. What is the units digit of l?
6
What is the tens digit of ((-76)/(-10))/((-78)/(-15) + -5)?
3
Let p = -71 + 119. What is the tens digit of p?
4
Let o(f) = -f**2 + 39. What is the units digit of o(0)?
9
Let l be -4 - (1 + -29 + -3). What is the units digit of 3164/63 - 6/l?
0
Let o(j) = 13*j**2 + 3*j - 1. Let w be o(2). Suppose -3*q = 6 - w. Suppose -4 = 5*v - v, 0 = 3*m + v - q. What is the units digit of m?
6
Let r(v) = -v**3 - 9*v**2 + 10*v + 10. Suppose 0*p = p + 10. What is the tens digit of r(p)?
1
Let z = 378 + -151. What is the units digit of z?
7
Suppose -4*y - 239 = -w - 46, -2*w = -2*y - 404. What is the hundreds digit of w?
2
Suppose -u + 229 - 117 = 0. What is the tens digit of u?
1
Let q(s) be the third derivative of -s**6/120 + s**5/15 + s**4/6 - s**3 - 3*s**2. What is the units digit of q(4)?
0
Let m = 6 - 3. Suppose 3*t - 144 = -m*u, 3*u + t + 88 = 236. What is the tens digit of u?
5
Suppose 40 = 4*y - 4*j, -6*y + 2*j = -y - 41. Let l = 28 - y. What is the units digit of l?
1
Suppose 3*p + z - 5 = 0, 2*p - p = -5*z - 3. Suppose -4*t = p*y - 10 - 86, -106 = -4*t + 3*y. What is the tens digit of t?
2
Suppose -2*c + 382 + 86 = 0. What is the tens digit of c?
3
What is the tens digit of (-63)/(-2) - (-4)/(-8)?
3
What is the tens digit of 2/(-4 - 930/(-231))?
7
Suppose 9*p - 3722 = -941. What is the units digit of p?
9
What is the tens digit of 94/3 + (-8)/(-12)?
3
Suppose 4*z + 5*i = 1318, 3*z - 973 = -4*i + 8*i. What is the tens digit of z?
2
What is the tens digit of (-2)/9 + (-1264)/(-18) + 6?
7
Let u(w) = 19*w - 57. What is the units digit of u(8)?
5
What is the tens digit of (3/(-3) - 0) + 96?
9
What is the hundreds digit of (8/(-12))/(((-8)/1182)/2)?
1
Suppose -2*k + 4*k - 6 = 0. Let b = k - 0. Suppose b*v = 18 + 12. What is the units digit of v?
0
Let b(n) = n**2 + n - 7. What is the units digit of b(-5)?
3
Suppose 0*z - 2*z - 36 = 0. Let v = 36 + -63. Let x = z - v. What is the units digit of x?
9
Let n(u) = 18*u - 6. Let s be n(5). What is the units digit of ((-12)/14)/((-3)/s)?
4
Suppose 11*z - 3*z - 648 = 0. What is the tens digit of z?
8
Suppose 0*s - 2*s - 12 = 0. Let h = -4 - s. What is the units digit of h?
2
Let h = 53 + -35. What is the tens digit of h?
1
Suppose -18 = j - 4*j. Let b be (0 - 2) + 28/6*-3. What is the units digit of -3*(b/j - -2)?
2
Suppose -2*o - 5*b + 69 = 4, -o + 40 = 4*b. What is the units digit of o?
0
Let p(y) = y**3 - 10*y**2 + 9*y + 4. Let s be p(9). Let g be ((-28)/2)/(s/(-16)). Let o = g - 38. What is the tens digit of o?
1
Let q be (4/6)/((-2)/(-24)). Let p = -3 + 2. Let z = p + q. What is the units digit of z?
7
Let q be 26/(-3) - 4/(-6). Let c(k) = k + 10. Let z be c(q). Suppose z*u - 8 = -4. What is the units digit of u?
2
Suppose -2*a - 3*x - 9 = 0, 4*x = -5*a - 9 - 3. Let u(v) = v + 5. What is the units digit of u(a)?
5
Let w(q) = q**2 - q + 5. What is the units digit of w(-5)?
5
Suppose 4*q - 4 + 0 = 0. What is the units digit of q?
1
Suppose -3*d = 8 + 202. What is the units digit of -2*(d/4)/5?
7
What is the tens digit of 1 + 48 + -1 - 1?
4
Let n(x) = -x**3 + 7*x**2 + x + 5. Let w be n(7). Let a = -1 + w. What is the tens digit of a?
1
Let i(v) = 4*v**3 + 5*v**2 + 2*v - 7. Let r(x) = -x**3 - x + 1. Let b(j) = -i(j) - 3*r(j). Let t be b(-4). Let s = t - -29. What is the units digit of s?
3
Suppose 2*p = -4*h + 10, -45 = -2*h - 5*p - 20. Let c = h - 7. Let y(a) = -a**3 - 6*a**2 + 7*a + 6. What is the units digit of y(c)?
6
Suppose t + w = -2, 2 = -4*t - 3*w - 5. Let q(h) = -10*h - 1. What is the units digit of q(t)?
9
Let t(c) = c**3 + 10*c**2 + 9*c + 3. What is the units digit of t(-9)?
3
Suppose 2*f - 4*s - 24 - 34 = 0, f + s = 20. What is the units digit of f?
3
